Let y(n) = 3*n**2 - 38*n + 13. Give y(12).
-11
Let l(v) = 22*v**2 + 2*v + 4. Give l(-2).
88
Let z(u) = 2*u - 14. Calculate z(3).
-8
Let m(v) = v**3 + 8*v**2 + 5*v + 21. Give m(-7).
35
Let s(h) = 2*h - 3. Determine s(-5).
-13
Let h(j) = -j**2 - 14*j - 16. Determine h(-10).
24
Let i(f) = f - 11. What is i(26)?
15
Let z(g) = -2*g**3 - 15*g**2 + 11*g + 23. Determine z(-8).
-1
Let g(o) = -10*o + 4. Give g(4).
-36
Let h(o) = -9*o - 362. Calculate h(-41).
7
Let f(h) = -23*h + 1. What is f(1)?
-22
Let f(g) = g**2 + 31*g + 185. What is f(-23)?
1
Let m(u) = -2*u**2 + 20*u + 13. What is m(10)?
13
Let w(s) = -s**2 + 14*s - 4. Calculate w(15).
-19
Let s(p) = p**3 + 4*p**2 - 1. Give s(-4).
-1
Let h(z) = -4*z + 12. What is h(4)?
-4
Let k(z) = -18*z - 7. Determine k(3).
-61
Let n(b) = -b**2 + b - 6. What is n(6)?
-36
Let l(u) = -u**3 + 6*u**2 + 6*u + 3. What is l(7)?
-4
Let u(j) = 2*j**3 + 46*j**2 - 7*j - 161. What is u(-23)?
0
Let l(r) = -r**3 + 9*r - 1. What is l(3)?
-1
Let u(o) = o**2 - 19*o + 21. Give u(19).
21
Let a(n) = -10*n + 294. Determine a(28).
14
Let d(l) = -2*l**2 - l + 18. Determine d(0).
18
Let d(l) = -14*l + 3. Give d(2).
-25
Let r(d) = d**3 - 8*d**2 + 13*d - 4. Determine r(5).
-14
Let j(n) = 2*n**2 + 3*n + 1. Calculate j(5).
66
Let c(s) = -2*s**3 + 25*s**2 - 35*s + 271. Determine c(12).
-5
Let j(f) = -10*f - 2. Give j(-2).
18
Let w(d) = -17*d - 601. Calculate w(-36).
11
Let q(b) = 4*b + 7. Give q(-5).
-13
Let n(b) = -19*b - 497. Determine n(-26).
-3
Let z(s) = -3*s - 36. Determine z(-3).
-27
Let n(g) = 7*g + 5. Give n(-8).
-51
Let u(c) = 7*c + 133. Determine u(-20).
-7
Let d(r) = 5*r - 4. Give d(0).
-4
Let g(w) = w**3 + 20*w**2 - 21*w - 32. Give g(-21).
-32
Let c(b) = -4*b**2 + b + 14. Calculate c(0).
14
Let q(d) = d - 4. Determine q(9).
5
Let l(d) = d**3 - 15*d**2 + 14*d - 30. Calculate l(14).
-30
Let d(v) = 4*v**3 + 3*v**2 - 2. Calculate d(1).
5
Let o(z) = -2*z**2 + 92*z + 399. Determine o(50).
-1
Let n(z) = -49*z - 130. Give n(-3).
17
Let w(c) = -8*c - 45. Calculate w(-5).
-5
Let c(k) = -3*k + 7. Give c(5).
-8
Let w(r) = r**2 - 24*r + 96. Calculate w(19).
1
Let j(a) = 8*a + 2. What is j(-3)?
-22
Let q(p) = p**2 - 7*p - 34. Determine q(11).
10
Let z(k) = -k**2 + 18*k - 60. What is z(5)?
5
Let b(t) = 7*t + 2. Determine b(-1).
-5
Let q(d) = -11*d**2 + 5*d - 4. Give q(2).
-38
Let p(t) = t**2 + 3*t + 5. Determine p(-2).
3
Let f(t) = -20*t + 292. Give f(15).
-8
Let f(q) = q - 3. Calculate f(2).
-1
Let l(t) = t**3 - 6*t**2 - 7*t + 2. What is l(7)?
2
Let i(n) = 55*n. Give i(1).
55
Let w(g) = g. Give w(6).
6
Let m(h) = 7*h - 2. Determine m(2).
12
Let q(o) = o**3 - 6*o**2 - 15*o - 5. Give q(8).
3
Let c(v) = 21*v - 105. Give c(4).
-21
Let t(g) = 7*g - 13. Determine t(1).
-6
Let v(w) = -w**3 + 7*w**2 + w - 7. Determine v(5).
48
Let o(l) = -140*l + 140. Calculate o(1).
0
Let y(a) = -a**2 - 7*a - 6. What is y(-7)?
-6
Let n(y) = -y**2 - 22*y + 10. Determine n(-22).
10
Let o(s) = 2*s**2 + 12*s + 13. What is o(-7)?
27
Let a(v) = -12*v - 186. What is a(-21)?
66
Let y(f) = -f**3 - 27*f**2 - 49*f + 44. Give y(-25).
19
Let c(v) = -2*v + 14. Give c(13).
-12
Let z(c) = -c + 14. What is z(8)?
6
Let n(m) = m**2 - m + 23. Determine n(0).
23
Let x(k) = -5*k + 34. Calculate x(-5).
59
Let f(l) = -l**3 - 10*l**2 + 11*l - 3. Give f(-11).
-3
Let o(f) = -2*f**3 + 35*f**2 + 15*f + 32. Calculate o(18).
-22
Let x(v) = -v**3 - 8*v**2 - 8*v + 6. Give x(-6).
-18
Let c(q) = -3*q**2 - 55*q - 25. Determine c(-18).
-7
Let b(p) = p**2 + 3*p - 7. Calculate b(-5).
3
Let j(o) = o**2 - 3. Give j(3).
6
Let v(k) = -k**3 - 12*k**2 - 8*k + 22. What is v(-11)?
-11
Let r(c) = c**2 + 2*c - 8. What is r(-9)?
55
Let j(s) = -3*s + 23. Determine j(-2).
29
Let m(y) = -5*y + 98. Give m(21).
-7
Let h(b) = -11*b**2 + 100*b + 2. Give h(9).
11
Let l(z) = z**2 + 4*z - 17. Calculate l(-5).
-12
Let d(v) = -2*v**2 - 7*v - 3. Determine d(-4).
-7
Let x(s) = -26*s - 101. What is x(-5)?
29
Let y(n) = -n - 1. What is y(4)?
-5
Let k(d) = -d**3 - 2*d**2 + 6*d - 10. Give k(4).
-82
Let n(z) = z**3 + 27*z**2 - 27*z + 17. Determine n(-28).
-11
Let j(u) = -4*u**2 + 30*u + 43. Calculate j(9).
-11
Let p(x) = -x - 10. Determine p(-11).
1
Let x(j) = -5*j - 22. Calculate x(-5).
3
Let b(u) = -u**3 + 10*u**2 + 27*u - 16. Calculate b(12).
20
Let c(l) = l**3 - 3*l**2 - 9*l + 6. What is c(4)?
-14
Let a(c) = -3*c**3 - 5*c**2 - 5*c + 6. Calculate a(-3).
57
Let t(k) = -k**3 + 6*k**2 - 3*k - 1. Give t(4).
19
Let u(o) = -4*o - 21. Give u(-4).
-5
Let j(l) = 7*l + 88. Calculate j(-12).
4
Let a(c) = c + 34. Determine a(-10).
24
Let l(p) = -p**3 + 4*p**2 + 26*p - 21. Give l(7).
14
Let n(h) = h**3 + 19*h**2 - 19*h + 20. Determine n(-20).
0
Let n(w) = w**3 - 2*w**2 - 7*w + 8. Give n(4).
12
Let v(y) = y**3 + 18*y**2 + 15*y - 13. Calculate v(-17).
21
Let r(s) = -27*s**3. Calculate r(1).
-27
Let s(w) = -3*w + 11. Calculate s(6).
-7
Let f(y) = -8*y - 57. Calculate f(-8).
7
Let c(z) = -z**3 + 4*z**2 - z + 6. Give c(5).
-24
Let v(s) = -s**3 + 8*s**2 + 6*s - 26. Calculate v(6).
82
Let m(i) = -i**3 + 13*i**2 - 5*i + 15. Determine m(12).
99
Let f(v) = v**3 + 5*v**2 + 15. What is f(-6)?
-21
Let o(v) = -2*v - 2. Calculate o(1).
-4
Let y(d) = -d**2 + 3*d + 3. Calculate y(6).
-15
Let r(h) = 6*h**3 + 2*h**2 - 1. Give r(1).
7
Let m(h) = 2*h**2 + 28*h + 32. Calculate m(-13).
6
Let g(v) = -v - 2. Give g(-14).
12
Let z(k) = 18*k + 63. Calculate z(-4).
-9
Let z(d) = -16*d - 1. Determine z(5).
-81
Let u(o) = o**3 + 6*o**2 - 5*o - 31. Calculate u(-6).
-1
Let t(g) = -g - 7. Determine t(0).
-7
Let c(w) = w**3 + 6*w**2 - 14*w. Determine c(-8).
-16
Let c(s) = -s**3 + 10*s**2 - 18*s + 26. Determine c(8).
10
Let v(p) = -p**3 - 8*p**2 - 15*p + 20. Determine v(-6).
38
Let u(g) = g - 17. What is u(9)?
-8
Let t(a) = a**3 - 4*a**2 + 8*a - 15. Determine t(3).
0
Let b(u) = -u**2 + 9*u - 1. Calculate b(7).
13
Let t(z) = -z**3 - 12*z**2 - 2*z - 9. Calculate t(-12).
15
Let d(a) = -a**3 - 5*a**2 + 3*a - 5. What is d(-6)?
13
Let s(m) = -m - 7. Calculate s(-10).
3
Let b(o) = -5*o - 53. Calculate b(-10).
-3
Let a(h) = -h**2 + 10*h - 16. Calculate a(4).
8
Let j(l) = -80*l - 711. Give j(-9).
9
Let w(g) = 5*g**3 + g**2 - 2*g + 1. What is w(1)?
5
Let d(r) = r**2 + 21*r + 78. What is d(-15)?
-12
Let y(f) = f - 16. Give y(18).
2
Let r(i) = -2*i**2 - 8. Determine r(0).
-8
Let l(v) = 3*v + 136. Determine l(-44).
4
Let y(z) = -3*z**3 + z**2 - 18*z - 20. Give y(-1).
2
Let t(j) = -j**2 + 6*j - 9. Give t(10).
-49
Let z(d) = -d**3 - d**2 - 5*d + 56. What is z(0)?
56
Let n(w) = -23*w**2 - w + 1. What is n(1)?
-23
Let n(a) = 16*a**3 + 3*a**2 + 2*a - 1. Calculate n(-1).
-16
Let k(v) = v**3 + 8*v**2 + 18*v + 10. Determine k(-7).
-67
Let w(f) = -f**3 + 30*f**2 + 28*f + 93. Give w(31).
0
Let h(v) = v + 24. What is h(-19)?
5
Let s(l) = -47*l**2 + 282*l - 11. What is s(6)?
-11
Let n(d) = d**2 + 27*d + 176. Determine n(-15).
-4
Let h(a) = -16*a - 69. Determine h(-4).
-5
Let q(r) = -r**3 + 8*r**2 - 11*r + 12. Calculate q(5).
32
Let m(a) = a**2 - 38*a + 221. Determine m(7).
4
Let r(q) = -2*q + 1. Give r(4).
-7
Let m(u) = -u**2 + 5*u - 7. Determine m(7).
-21
Let i(r) = -3*r. Determine i(-1).
3
Let b(y) = 2*y - 7. Determine b(5).
3
Let y(n) = n**3 - 4*n**2 + 3*n - 3. Calculate y(3).
-3
Let m(d) = d**2 + 13*d + 19. What is m(-8)?
-21
Let y(l) = 37*l**2 - 11*l - 2. Calculate y(2).
124
Let c(a) = -a + 19. Determine c(9).
10
Let j(h) = h + 2. Calculate j(2).
4
Let n(y) = -2*y - 35. Determine n(-26).
17
Let w(d) = 5*d**3 + d**2 - 7*d + 5. Determine w(1).
4
Let m(v) = -15*v**2 + 9*v + 2. What is m(-1)?
-22
Let l(p) = p**2 + 6*p - 9. Determine l(-7).
-2
Let a(r) = -9*r + 22. Calculate a(1).
13
Let o(c) = 3*c**3 + 5*c**2 + 2*c - 2. What is o(-3)?
-44
Let m(a) = -a**2 - a + 5. What is m(-3)?
-1
Let o(v) = v**3 + 5*v**2 - 7*v - 6. Calculate o(-5).
29
Let u(y) = -y**3 - 7*y**2 - 4*y + 6. What is u(-4)?
-26
Let f(l) = l**2 - 9*l. Determine f(8).
-8
Let t(w) = w**3 + 12*w**2 + 10*w + 21. Give t(-11).
32
Let g(h) = h**3 - 8*h**2 + 9*h - 6. What is g(7)?
8
Let o(g) = g**2 + 3*g + 1. What is o(-4)?
5
Let x(s) = s**2 + 6*s + 1. Give x(-4).
-7
Let g(j) = -j**2 + 11*j + 4. What is g(13)?
-22
Let x(i) = i**3 + i**2 + i + 55. Give x(0).
55
Let q(g) = 2*g**2 + 30*g - 37. Give q(-16).
-5
Let g(f) = 4*f - 79. Calculate g(20